4*z = -z - 3. List the prime factors of z/(12/(-13) - u).
13
Let p = 4 - 2. Suppose p*c - 4*v - 140 = -2*c, 0 = 3*c + 5*v - 81. List the prime factors of c.
2
Suppose 2*a = -2*a + 16, -2*y + 4*a - 16 = 0. Suppose -5 = -3*r - 4*v, -v = -4*r - 9 + 3. List the prime factors of 1*y/r + 7.
7
Let l(y) = 20*y + 13. List the prime factors of l(5).
113
Let n = 11 + -8. Suppose n = -x - 2*x - 5*a, -x = -5*a - 19. List the prime factors of ((-20)/(-2))/(x - 3).
2, 5
Let b(f) = -f + 9. Let a be b(0). Let c be (-2)/a - (-14)/63. Suppose -6*v + 3*v + 42 = c. What are the prime factors of v?
2, 7
Let z = -425 + 707. List the prime factors of z.
2, 3, 47
Let d = 349 - 59. List the prime factors of d.
2, 5, 29
Suppose 6*w = -2*w + 1944. List the prime factors of w.
3
Let g = -18 - -39. Suppose -1 + g = 2*b. List the prime factors of b.
2, 5
Suppose -3*z + 40 + 59 = 0. List the prime factors of z.
3, 11
Let z = 63 + -36. Suppose -4*h - 3*f - 29 = 23, -50 = 3*h + 5*f. Let c = h + z. What are the prime factors of c?
17
Suppose -5 + 3 = -2*u, 0 = 5*i + 4*u - 4. What are the prime factors of 2 + i + 1 + 16?
19
Let n = -60 - -87. What are the prime factors of n?
3
Let w = -56 - -75. What are the prime factors of w?
19
Suppose 3*a + r - 26 + 2 = 0, 0 = -3*a + 5*r + 42. List the prime factors of a.
3
What are the prime factors of 4/32 + (-261)/(-24)?
11
Suppose -4*u - 9*n + 14*n + 1196 = 0, -n = 2*u - 598. What are the prime factors of u?
13, 23
Let n be -1 - 0 - (0 - 2). Let r be 6 + -1 - 1 - n. What are the prime factors of (28/(-6))/((-2)/r)?
7
Suppose -5*d + 19 = -4*z, -3*d - 4*z + 37 = -0*d. What are the prime factors of d?
7
Suppose -4*l + 20 = 0, -2*o = -3*l + 4*l - 87. List the prime factors of o.
41
Suppose 3*a + 243 = 3*d + 6*a, 4*d - 333 = 5*a. What are the prime factors of d?
2, 41
Let q be 7 - (-1 + 0 + -1). Let a(h) = h**3 - 9*h**2 + 2. What are the prime factors of a(q)?
2
Suppose -102 = -4*r + 42. Suppose 2*y + 3*q = -54, 3*y + 3*q - r = -117. Let a = -17 - y. What are the prime factors of a?
2, 5
Let w = -48 - -74. What are the prime factors of w?
2, 13
Let d(r) = 15*r**2 - 2*r - 7. Let f(h) = -7*h**2 + h + 4. Let x(v) = 3*d(v) + 5*f(v). Let o be x(-1). Let l = o + -5. What are the prime factors of l?
5
Let u be 652/28 + 4/(-14). Let l = u + -7. Suppose -2*d + l = 2*y, -2*d + 0*d + 8 = -2*y. List the prime factors of d.
2, 3
Let k = -6 + 5. What are the prime factors of -3*2/(-6) - k?
2
Let u be (-8)/(-2)*(-138)/8. Let p = 101 + u. What are the prime factors of p?
2
Let l = 176 - 124. Suppose l - 142 = -5*h. List the prime factors of h.
2, 3
Let s(n) be the third derivative of n**4/12 - 7*n**3/3 - 2*n**2. What are the prime factors of s(10)?
2, 3
Let t = 15 - 9. Suppose -h + t*h - 10 = 0. List the prime factors of h.
2
What are the prime factors of (223/(-2))/(7/(-14))?
223
Let s(l) = 14*l**3 + 2*l**2 - l. Let x(o) = o**2 + 11*o + 8. Let i be x(-10). Let p be 0 + -3 - (-2 + i). List the prime factors of s(p).
3, 5
Suppose i - 1 = -3. Let p be i/(-3) - (-4)/3. Suppose 2*q = 4*q + 4, 12 = p*c - q. What are the prime factors of c?
5
What are the prime factors of 94/6*(-3 - (-2 - 4))?
47
Suppose 0 = -q - q + 142. Suppose -v = -5*y + q, -2*y = 3*v - 3 - 22. List the prime factors of ((-12)/(-8))/(3/y).
7
Let v = 83 + -50. List the prime factors of v.
3, 11
Let s(f) be the second derivative of -f**5/20 + f**4/3 + f**3/2 + f**2/2 - 7*f. Let n be ((-12)/(-10))/((-3)/(-10)). List the prime factors of s(n).
13
Let a = -74 - -105. List the prime factors of a.
31
Suppose -2*t = 7 - 17. Let d(m) be the third derivative of -m**5/60 + m**4/4 - 4*m**2. List the prime factors of d(t).
5
Suppose 4*a + a - 191 = -i, 5*i - a = 903. List the prime factors of i.
181
Let i(c) = -c + 7. Let s be i(4). Suppose -s*g - 9 + 36 = 0. Suppose -5 - g = -3*r - k, 2*r = k + 11. What are the prime factors of r?
5
Suppose 2*m + 212 = 2*f, 0 = f - 0*m - 3*m - 112. Let g = f + -72. What are the prime factors of g?
31
Let o = 30 + 16. What are the prime factors of o?
2, 23
Let x(h) = -2*h - 3. Let m be x(-4). Suppose 9 = 4*k - 3*p - 2, k - 3*p = m. Suppose 8 = 3*z - 1, -54 = -5*w + k*z. What are the prime factors of w?
2, 3
Suppose q = 5*q - 8. List the prime factors of q.
2
Let n = -3 + 6. Let p(h) = 6*h**2 - 3*h - 3. Let c be p(n). Let q = c - 23. What are the prime factors of q?
19
Suppose -4*c = 2*a - 26, 3*c = -0*a - 3*a + 27. Let b(i) = 4*i. What are the prime factors of b(c)?
2
Let k = 7 + 2. List the prime factors of k.
3
Suppose y - 26 = -n, -5*n + 0*y + 127 = 4*y. List the prime factors of n.
23
Let p(u) be the second derivative of -u**4/12 + 2*u**3 - 5*u**2 + 7*u. What are the prime factors of p(8)?
2, 11
Suppose 3*s - 12 + 0 = 0. Let i(m) = 1 + s*m - m + 3*m**3 - 6*m**3. What are the prime factors of i(-2)?
19
Let n be (0 - (5 - 3))*-15. Suppose -25 = -5*g, -g - n = -5*f - 5*g. What are the prime factors of f?
2
Let f be -2 - (-4 + (0 - 0)). Suppose 0 = -z + f*z + 39. List the prime factors of 4/16 - z/4.
2, 5
List the prime factors of (-3)/((-6)/(-8) - 482/632).
3, 79
List the prime factors of (-159)/(-5) - (-10)/50.
2
Suppose -h - 2 = 2*n - 9, -4*h = -5*n + 24. Suppose 7 = n*y - 5. What are the prime factors of y?
3
Suppose -j = -5*j - 408. What are the prime factors of (j/12)/(2/(-4))?
17
Suppose -5*w + 1699 = 84. List the prime factors of w.
17, 19
Let p be (2*2)/((-6)/(-3)). Let c be (-135)/p*12/(-15). Suppose -2*j - 2 = -0*j, -c = -3*q - 3*j. What are the prime factors of q?
19
Suppose -26 = -5*g + 14. List the prime factors of g.
2
Let r(m) = 5*m + 5. Let z(i) = 2*i + 2. Let j(n) = 3*r(n) - 7*z(n). Let q be 39/5 - 2/(-10). List the prime factors of j(q).
3
Suppose -21 = 2*d + 31. Let s = -14 - d. List the prime factors of s.
2, 3
Let a(t) = t**2 + t - 1. What are the prime factors of a(-3)?
5
Let k(u) = u**3 - 4*u**2 + 3*u - 2. Let n be k(3). Let o be n/(-1 - -2) - -5. Suppose -3*z + 4 = -2*m - 3, o*z - 23 = -2*m. List the prime factors of m.
2
Let q(t) = -t - 1. Let a be q(-5). Suppose -h + 25 = a*h. Suppose -g = -h*v + 37, -3*g - 31 = -5*v - 0*g. What are the prime factors of v?
2
Suppose 3*u - 10 = 3*r - 5*r, -10 = -2*u - 2*r. Suppose u = 4*m - 35 - 29. List the prime factors of m.
2
Suppose -31*z + 888 = -25*z. List the prime factors of z.
2, 37
Let j(n) = n**2 + 5*n + 11. List the prime factors of j(-9).
47
Let t(c) = 3*c**3 + 3*c - 5*c**2 + c**2 + 0*c**3. Let k(b) = -b**3 + 5*b**2 - 5*b + 6. Let s be k(4). What are the prime factors of t(s)?
2, 7
Suppose 0 = 2*j - 13 - 1. What are the prime factors of 8/28 + 33/j?
5
Let d(y) = 2*y**3 + 2*y - 1. Let p be d(1). Suppose 0 = -p*v - 21 + 129. Suppose r - 4*r - 3*q = -54, 4*r - v = 5*q. What are the prime factors of r?
2, 7
Let r = -10 - -13. Let f be 8/(-44) - 46/(-11). Suppose -5*y - 13 = -r*a + f*a, -5*a + 7 = y. What are the prime factors of a?
2
Let c = -3 + 5. List the prime factors of c.
2
Let m(b) = b**3 - 2*b**2 - 2*b + 3. Let q be m(3). Suppose 5*n = -4*v + 128, -2*v + q*n - n + 34 = 0. What are the prime factors of v?
3
Let m = 2 - -28. Let y = -17 + m. What are the prime factors of y?
13
Let k(t) = 8*t - 16. List the prime factors of k(7).
2, 5
Let m(w) = -5*w**3 - 2*w**2 - w. Let q be m(-1). Suppose -n + 18 = -q. List the prime factors of n.
2, 11
Let x = -29 + 59. Let d be 1/3*x/(-2). What are the prime factors of 15/(-25) - 48/d?
3
Let d be ((-2)/(-4))/(2/24). What are the prime factors of 7 + -10 + 3*d?
3, 5
Let l(z) be the first derivative of 1 - 2*z**3 - 6*z + 7/2*z**2 + 1/4*z**4. List the prime factors of l(5).
2
Let c(s) = s**3 + s**2 + s - 1. Let j be c(1). Suppose j*y + 5*h = -11, 3*h + 2 = -1. List the prime factors of 0/y - (-1 + -2).
3
Let a(b) = 21*b + 1. List the prime factors of a(1).
2, 11
Let w = 2 - 2. Suppose w*r = r + 6. List the prime factors of -22*(-3)/r*-1.
11
Let w be 5*(1 + 0)/(-1). Let m(s) = s**3 + 7*s**2 + 6*s + 3. Let l be m(w). Let a = l + -12. What are the prime factors of a?
11
Suppose -r + t = -25, -60 = -5*r + 3*t + 55. Suppose 0 = -0*n - 2*n + r. What are the prime factors of n?
2, 5
Let s = -2 + 4. Let r be 0 + 4*(-2 + 5). Suppose s*f + f = r. List the prime factors of f.
2
Suppose -x - 3*b - 11 = -3, -4*x = 2*b - 8. Suppose 4*y = -0*y - 2*m + 22, m = x*y - 31. List 